{"id":59,"date":"2020-01-02T16:12:01","date_gmt":"2020-01-02T15:12:01","guid":{"rendered":"http:\/\/www.msopatovice.eu\/?page_id=59"},"modified":"2025-06-03T09:39:50","modified_gmt":"2025-06-03T07:39:50","slug":"uplata-za-vzdelavani","status":"publish","type":"page","link":"https:\/\/www.msopatovice.eu\/index.php\/o-nas\/uplata-za-vzdelavani\/","title":{"rendered":"\u00daplata za vzd\u011bl\u00e1v\u00e1n\u00ed"},"content":{"rendered":"<div class=\"entry-content clearfix\">\n<h3><span style=\"color: #000000;\">Pokud byste mate\u0159skou \u0161kolu v dob\u011b letn\u00edch pr\u00e1zdnin 2025 nenav\u0161t\u011bvovali a plat\u00edte za Va\u0161e d\u00edt\u011b \u0161koln\u00e9, m\u016f\u017eete si za\u017e\u00e1dat o osvobozen\u00ed od \u00faplaty (formul\u00e1\u0159 k vyti\u0161t\u011bn\u00ed\u00a0<a style=\"color: #000000;\" href=\"https:\/\/www.msopatovice.eu\/wp-content\/uploads\/2023\/03\/zadost-uplata-o-prazdninach.pdf\"><span style=\"color: #ff0000;\">ZDE<\/span>).<\/a><\/span><\/h3>\n<hr \/>\n<h3><span style=\"color: #ff0000;\">Stanoven\u00ed v\u00fd\u0161e \u0161koln\u00e9ho na \u0161koln\u00ed rok 2025\/2026<br \/>\n<\/span><span style=\"color: #ff0000;\">(od 1. 9. 2025)<\/span><\/h3>\n<h4><span style=\"color: #000000;\">V\u00fd\u0161i \u00faplaty (\u0161koln\u00e9ho) stanovuje z\u0159izovatel dle nov\u00e9 metodiky, maxim\u00e1ln\u00ed v\u00fd\u0161e \u0161koln\u00e9ho m\u016f\u017ee b\u00fdt a\u017e 1 512 K\u010d za m\u011bs\u00edc.\u00a0<\/span><\/h4>\n<h4><span style=\"color: #000000;\">Zastupitelstvo stanovilo v\u00fd\u0161i stejn\u00fdm zp\u016fsobem jako v p\u0159edchoz\u00edch letech, tzn. dle v\u00fd\u0161e n\u00e1klad\u016f mate\u0159sk\u00e9 \u0161koly (viz tabulka n\u00ed\u017ee).<\/span><\/h4>\n<h3><img loading=\"lazy\" class=\"alignnone wp-image-14266\" src=\"https:\/\/www.msopatovice.eu\/wp-content\/uploads\/2024\/05\/2025-06-03-1-kopie-300x180.png\" alt=\"\" width=\"518\" height=\"311\" data-id=\"14266\" srcset=\"https:\/\/www.msopatovice.eu\/wp-content\/uploads\/2024\/05\/2025-06-03-1-kopie-300x180.png 300w, https:\/\/www.msopatovice.eu\/wp-content\/uploads\/2024\/05\/2025-06-03-1-kopie.png 699w\" sizes=\"(max-width: 518px) 100vw, 518px\" \/><\/h3>\n<h3><span style=\"color: #ff0000;\">V\u00fd\u0161e \u0161koln\u00e9ho byla odsouhlasena zastupitelstvem obce na 750 K\u010d \/ m\u011bs\u00edc.<\/span><\/h3>\n<h4><span style=\"color: #000000;\">Ve\u0159ejn\u00e9 zased\u00e1n\u00ed zastupitelstva obce se konalo 28. 5. 2025.\u00a0<\/span><\/h4>\n<h4><span style=\"color: #000000;\">V\u00edce informac\u00ed ke stanoven\u00ed \u00faplaty za p\u0159ed\u0161koln\u00ed vzd\u011bl\u00e1v\u00e1n\u00ed v p\u0159ilo\u017een\u00e9 sm\u011brnici <a href=\"https:\/\/www.msopatovice.eu\/wp-content\/uploads\/2024\/05\/Smernice-uplata-nova-od-2024.pdf\">ZDE<\/a>.<\/span><\/h4>\n<h4><span style=\"color: #000000;\">Mgr. Eva Crhov\u00e1, \u0159editelka M\u0160<\/span><\/h4>\n<h3><\/h3>\n<hr \/>\n<h3><span style=\"color: #808080;\">Stanoven\u00ed v\u00fd\u0161e \u0161koln\u00e9ho na \u0161koln\u00ed rok 2024\/2025 (od 1. 9. 2024)<\/span><\/h3>\n<h4><span style=\"color: #808080;\">V\u00fd\u0161i \u00faplaty (\u0161koln\u00e9ho) stanovuje z\u0159izovatel dle nov\u00e9 metodiky, maxim\u00e1ln\u00ed v\u00fd\u0161e \u0161koln\u00e9ho m\u016f\u017ee b\u00fdt a\u017e 1 512 K\u010d za m\u011bs\u00edc.\u00a0<\/span><\/h4>\n<h4><span style=\"color: #808080;\">Zastupitelstvo stanovilo v\u00fd\u0161i stejn\u00fdm zp\u016fsobem jako v p\u0159edchoz\u00edch letech, tzn. dle v\u00fd\u0161e n\u00e1klad\u016f mate\u0159sk\u00e9 \u0161koly (viz tabulka n\u00ed\u017ee).<\/span><\/h4>\n<h3><span style=\"color: #808080;\"><img loading=\"lazy\" class=\"alignnone wp-image-13326 lazyloaded\" src=\"https:\/\/www.msopatovice.eu\/wp-content\/uploads\/2024\/05\/2024-05-30-300x180.png\" sizes=\"(max-width: 432px) 100vw, 432px\" srcset=\"https:\/\/www.msopatovice.eu\/wp-content\/uploads\/2024\/05\/2024-05-30-300x180.png 300w, https:\/\/www.msopatovice.eu\/wp-content\/uploads\/2024\/05\/2024-05-30.png 697w\" alt=\"\" width=\"432\" height=\"259\" data-id=\"13326\" data-srcset=\"https:\/\/www.msopatovice.eu\/wp-content\/uploads\/2024\/05\/2024-05-30-300x180.png 300w, https:\/\/www.msopatovice.eu\/wp-content\/uploads\/2024\/05\/2024-05-30.png 697w\" data-src=\"https:\/\/www.msopatovice.eu\/wp-content\/uploads\/2024\/05\/2024-05-30-300x180.png\" data-sizes=\"(max-width: 432px) 100vw, 432px\" \/><\/span><\/h3>\n<h3><span style=\"color: #808080;\">V\u00fd\u0161e \u0161koln\u00e9ho byla odsouhlasena zastupitelstvem obce na 710 K\u010d \/ m\u011bs\u00edc.<\/span><\/h3>\n<h4><span style=\"color: #808080;\">Ve\u0159ejn\u00e9 zased\u00e1n\u00ed zastupitelstva obce se konalo 29. 5. 2024. (V\u00fdpis Usnesen\u00ed <a style=\"color: #808080;\" href=\"https:\/\/www.msopatovice.eu\/wp-content\/uploads\/2024\/05\/SKM_C224e24053010540.pdf\">ZDE<\/a>).<\/span><\/h4>\n<h4><span style=\"color: #808080;\">V\u00edce informac\u00ed ke stanoven\u00ed \u00faplaty za p\u0159ed\u0161koln\u00ed vzd\u011bl\u00e1v\u00e1n\u00ed v p\u0159ilo\u017een\u00e9 sm\u011brnici <a style=\"color: #808080;\" href=\"https:\/\/www.msopatovice.eu\/wp-content\/uploads\/2024\/05\/Smernice-uplata-nova-od-2024.pdf\">ZDE<\/a>.<\/span><\/h4>\n<h4><span style=\"color: #808080;\">Mgr. Eva \u0160ev\u010d\u00edkov\u00e1, \u0159editelka M\u0160\u00a0<\/span><\/h4>\n<\/div>\n","protected":false},"excerpt":{"rendered":"<p>Pokud byste mate\u0159skou \u0161kolu v dob\u011b letn\u00edch pr\u00e1zdnin 2025 nenav\u0161t\u011bvovali a plat\u00edte za Va\u0161e d\u00edt\u011b \u0161koln\u00e9, m\u016f\u017eete si za\u017e\u00e1dat o osvobozen\u00ed od \u00faplaty (formul\u00e1\u0159 k vyti\u0161t\u011bn\u00ed\u00a0ZDE). Stanoven\u00ed v\u00fd\u0161e \u0161koln\u00e9ho na \u0161koln\u00ed rok 2025\/2026 (od 1. 9. 2025) V\u00fd\u0161i \u00faplaty (\u0161koln\u00e9ho) stanovuje z\u0159izovatel dle nov\u00e9 metodiky, maxim\u00e1ln\u00ed v\u00fd\u0161e \u0161koln\u00e9ho m\u016f\u017ee b\u00fdt a\u017e 1 512 K\u010d za &hellip; <\/p>\n<p><a class=\"more-link btn\" href=\"https:\/\/www.msopatovice.eu\/index.php\/o-nas\/uplata-za-vzdelavani\/\">Continue reading<\/a><\/p>\n","protected":false},"author":2,"featured_media":0,"parent":14,"menu_order":5,"comment_status":"closed","ping_status":"closed","template":"","meta":{"_expiration-date-status":"","_expiration-date":0,"_expiration-date-type":"","_expiration-date-categories":[],"_expiration-date-options":[]},"_links":{"self":[{"href":"https:\/\/www.msopatovice.eu\/index.php\/wp-json\/wp\/v2\/pages\/59"}],"collection":[{"href":"https:\/\/www.msopatovice.eu\/index.php\/wp-json\/wp\/v2\/pages"}],"about":[{"href":"https:\/\/www.msopatovice.eu\/index.php\/wp-json\/wp\/v2\/types\/page"}],"author":[{"embeddable":true,"href":"https:\/\/www.msopatovice.eu\/index.php\/wp-json\/wp\/v2\/users\/2"}],"replies":[{"embeddable":true,"href":"https:\/\/www.msopatovice.eu\/index.php\/wp-json\/wp\/v2\/comments?post=59"}],"version-history":[{"count":14,"href":"https:\/\/www.msopatovice.eu\/index.php\/wp-json\/wp\/v2\/pages\/59\/revisions"}],"predecessor-version":[{"id":14270,"href":"https:\/\/www.msopatovice.eu\/index.php\/wp-json\/wp\/v2\/pages\/59\/revisions\/14270"}],"up":[{"embeddable":true,"href":"https:\/\/www.msopatovice.eu\/index.php\/wp-json\/wp\/v2\/pages\/14"}],"wp:attachment":[{"href":"https:\/\/www.msopatovice.eu\/index.php\/wp-json\/wp\/v2\/media?parent=59"}],"curies":[{"name":"wp","href":"https:\/\/api.w.org\/{rel}","templated":true}]}}