{"id":53,"date":"2020-01-02T16:07:17","date_gmt":"2020-01-02T15:07:17","guid":{"rendered":"http:\/\/www.msopatovice.eu\/?page_id=53"},"modified":"2020-01-03T11:57:15","modified_gmt":"2020-01-03T10:57:15","slug":"nas-vzdelavaci-program","status":"publish","type":"page","link":"https:\/\/www.msopatovice.eu\/index.php\/o-nas\/nas-vzdelavaci-program\/","title":{"rendered":"N\u00e1\u0161 vzd\u011bl\u00e1vac\u00ed program"},"content":{"rendered":"<h3><span style=\"color: #0000ff;\">Dlouhodob\u00e9 c\u00edle:<\/span><\/h3>\n<h4><strong>&#8211; Poskytovat d\u011btem vhodn\u00e9 vzory a modely chov\u00e1n\u00ed, rozv\u00edjet soci\u00e1ln\u00ed c\u00edt\u011bn\u00ed, ohleduplnost a toleranci<\/strong><br \/>\n<strong>&#8211; Rozv\u00edjet lokomo\u010dn\u00ed, nelokomo\u010dn\u00ed a jin\u00e9 pohybov\u00e9 \u010dinnosti<\/strong><br \/>\n<strong>&#8211; Vytv\u00e1\u0159et komunika\u010dn\u011b bohat\u00e9 prost\u0159ed\u00ed, motivovat d\u011bti k samostatn\u00fdm \u0159e\u010dov\u00fdm projev\u016fm<\/strong><br \/>\n<strong>&#8211; Rozv\u00edjet partnerstv\u00ed a spolupr\u00e1ci s rodi\u010di<\/strong><\/h4>\n<p>&nbsp;<\/p>\n<h3><span style=\"color: #ff00ff;\">Organizace dne:<\/span><\/h3>\n<ul>\n<li>\n<h4>6.30 &#8211; 9.30\u00a0 \u00a0spont\u00e1nn\u00ed hry a \u010dinnosti d\u011bt\u00ed dle jejich z\u00e1jmu, individu\u00e1ln\u011b a skupinov\u011b c\u00edlen\u00e9 \u010dinnosti<\/h4>\n<\/li>\n<li>\n<h4>9.00 &#8211; 9.30\u00a0 \u00a0p\u0159esn\u00edd\u00e1vka<\/h4>\n<\/li>\n<li>\n<h4>9.30 &#8211; 9.50\u00a0 \u00a0spole\u010dn\u00e1 \u0159\u00edzen\u00e1 \u010dinnost<\/h4>\n<\/li>\n<li>\n<h4>9.50 &#8211; 11.45\u00a0 \u00a0pobyt venku<\/h4>\n<\/li>\n<li>\n<h4>11.45 &#8211; 12.30\u00a0 \u00a0p\u0159\u00edprava na ob\u011bd, ob\u011bd<\/h4>\n<\/li>\n<li>\n<h4>12.30 &#8211; 14.00\u00a0 \u00a0doba odpo\u010dinku s respektov\u00e1n\u00edm individu\u00e1ln\u00ed pot\u0159eby sp\u00e1nku, klidn\u00e9 aktivity s d\u011btmi, relaxa\u010dn\u00ed \u010dinnosti, spont\u00e1nn\u00ed hry<\/h4>\n<\/li>\n<li>\n<h4>14.00 &#8211; 16.30\u00a0 \u00a0hygiena, spont\u00e1nn\u00ed \u010dinnosti dle v\u00fdb\u011bru d\u011bt\u00ed, \u0159\u00edzen\u00e9 individu\u00e1ln\u00ed a skupinov\u00e9 aktivity<\/h4>\n<\/li>\n<li>\n<h4>14.30 &#8211; 15.00\u00a0 \u00a0odpoledn\u00ed sva\u010dina<\/h4>\n<\/li>\n<li>\n<h4>16.30\u00a0 \u00a0ukon\u010den\u00ed provozu<\/p>\n<p>V\u0161echny uveden\u00e9 \u010dasy jsou orienta\u010dn\u00ed a respektuj\u00ed aktu\u00e1ln\u00ed pot\u0159eby d\u011bt\u00ed.<\/h4>\n<\/li>\n<\/ul>\n<p>&nbsp;<\/p>\n<h4>\u0160koln\u00ed vzd\u011bl\u00e1vac\u00ed program je k dispozici pro va\u0161e nahl\u00e9dnut\u00ed v hale hlavn\u00ed budovy \u0161koly.<\/h4>\n","protected":false},"excerpt":{"rendered":"<p>Dlouhodob\u00e9 c\u00edle: &#8211; Poskytovat d\u011btem vhodn\u00e9 vzory a modely chov\u00e1n\u00ed, rozv\u00edjet soci\u00e1ln\u00ed c\u00edt\u011bn\u00ed, ohleduplnost a toleranci &#8211; Rozv\u00edjet lokomo\u010dn\u00ed, nelokomo\u010dn\u00ed a jin\u00e9 pohybov\u00e9 \u010dinnosti &#8211; Vytv\u00e1\u0159et komunika\u010dn\u011b bohat\u00e9 prost\u0159ed\u00ed, motivovat d\u011bti k samostatn\u00fdm \u0159e\u010dov\u00fdm projev\u016fm &#8211; Rozv\u00edjet partnerstv\u00ed a spolupr\u00e1ci s rodi\u010di &nbsp; Organizace dne: 6.30 &#8211; 9.30\u00a0 \u00a0spont\u00e1nn\u00ed hry a \u010dinnosti d\u011bt\u00ed dle jejich &hellip; <\/p>\n<p><a class=\"more-link btn\" href=\"https:\/\/www.msopatovice.eu\/index.php\/o-nas\/nas-vzdelavaci-program\/\">Continue reading<\/a><\/p>\n","protected":false},"author":2,"featured_media":0,"parent":14,"menu_order":4,"comment_status":"closed","ping_status":"closed","template":"","meta":{"_expiration-date-status":"","_expiration-date":0,"_expiration-date-type":"","_expiration-date-categories":[],"_expiration-date-options":[]},"_links":{"self":[{"href":"https:\/\/www.msopatovice.eu\/index.php\/wp-json\/wp\/v2\/pages\/53"}],"collection":[{"href":"https:\/\/www.msopatovice.eu\/index.php\/wp-json\/wp\/v2\/pages"}],"about":[{"href":"https:\/\/www.msopatovice.eu\/index.php\/wp-json\/wp\/v2\/types\/page"}],"author":[{"embeddable":true,"href":"https:\/\/www.msopatovice.eu\/index.php\/wp-json\/wp\/v2\/users\/2"}],"replies":[{"embeddable":true,"href":"https:\/\/www.msopatovice.eu\/index.php\/wp-json\/wp\/v2\/comments?post=53"}],"version-history":[{"count":3,"href":"https:\/\/www.msopatovice.eu\/index.php\/wp-json\/wp\/v2\/pages\/53\/revisions"}],"predecessor-version":[{"id":63,"href":"https:\/\/www.msopatovice.eu\/index.php\/wp-json\/wp\/v2\/pages\/53\/revisions\/63"}],"up":[{"embeddable":true,"href":"https:\/\/www.msopatovice.eu\/index.php\/wp-json\/wp\/v2\/pages\/14"}],"wp:attachment":[{"href":"https:\/\/www.msopatovice.eu\/index.php\/wp-json\/wp\/v2\/media?parent=53"}],"curies":[{"name":"wp","href":"https:\/\/api.w.org\/{rel}","templated":true}]}}